{"id":3702,"date":"2024-09-11T11:47:39","date_gmt":"2024-09-11T17:47:39","guid":{"rendered":"https:\/\/libelula-media.com.mx\/5600029564\/producto\/import-placeholder-for-271\/"},"modified":"2025-04-07T21:19:15","modified_gmt":"2025-04-08T03:19:15","slug":"sony-audfonos-con-micrfono-wh-ch520-bluetooth-inalmbrico-usb-c-negro","status":"publish","type":"product","link":"https:\/\/libelula-media.com.mx\/5600029564\/producto\/sony-audfonos-con-micrfono-wh-ch520-bluetooth-inalmbrico-usb-c-negro\/","title":{"rendered":"Sony Aud\u00edfonos con Micr\u00f3fono WH-CH520, Bluetooth, Inal\u00e1mbrico, USB-C, Negro"},"content":{"rendered":"","protected":false},"excerpt":{"rendered":"","protected":false},"featured_media":3925,"comment_status":"open","ping_status":"closed","template":"","meta":{"inline_featured_image":false},"product_cat":[101,100,159],"product_tag":[],"class_list":{"0":"post-3702","1":"product","2":"type-product","3":"status-publish","4":"has-post-thumbnail","6":"product_cat-audifonos","7":"product_cat-audio","8":"product_cat-sin-categoria","10":"first","11":"instock","12":"shipping-taxable","13":"purchasable","14":"product-type-simple"},"_links":{"self":[{"href":"https:\/\/libelula-media.com.mx\/5600029564\/wp-json\/wp\/v2\/product\/3702","targetHints":{"allow":["GET"]}}],"collection":[{"href":"https:\/\/libelula-media.com.mx\/5600029564\/wp-json\/wp\/v2\/product"}],"about":[{"href":"https:\/\/libelula-media.com.mx\/5600029564\/wp-json\/wp\/v2\/types\/product"}],"replies":[{"embeddable":true,"href":"https:\/\/libelula-media.com.mx\/5600029564\/wp-json\/wp\/v2\/comments?post=3702"}],"wp:featuredmedia":[{"embeddable":true,"href":"https:\/\/libelula-media.com.mx\/5600029564\/wp-json\/wp\/v2\/media\/3925"}],"wp:attachment":[{"href":"https:\/\/libelula-media.com.mx\/5600029564\/wp-json\/wp\/v2\/media?parent=3702"}],"wp:term":[{"taxonomy":"product_cat","embeddable":true,"href":"https:\/\/libelula-media.com.mx\/5600029564\/wp-json\/wp\/v2\/product_cat?post=3702"},{"taxonomy":"product_tag","embeddable":true,"href":"https:\/\/libelula-media.com.mx\/5600029564\/wp-json\/wp\/v2\/product_tag?post=3702"}],"curies":[{"name":"wp","href":"https:\/\/api.w.org\/{rel}","templated":true}]}}