{"id":3714,"date":"2024-09-11T11:47:41","date_gmt":"2024-09-11T17:47:41","guid":{"rendered":"https:\/\/libelula-media.com.mx\/5600029564\/producto\/import-placeholder-for-283\/"},"modified":"2025-04-07T21:21:35","modified_gmt":"2025-04-08T03:21:35","slug":"stf-audfonos-intrauriculares-con-micrfono-mini-bit-inalmbrico-bluetooth-gris","status":"publish","type":"product","link":"https:\/\/libelula-media.com.mx\/5600029564\/producto\/stf-audfonos-intrauriculares-con-micrfono-mini-bit-inalmbrico-bluetooth-gris\/","title":{"rendered":"STF Aud\u00edfonos Intrauriculares con Micr\u00f3fono Mini Bit, Inal\u00e1mbrico, Bluetooth, Gris"},"content":{"rendered":"","protected":false},"excerpt":{"rendered":"","protected":false},"featured_media":3937,"comment_status":"open","ping_status":"closed","template":"","meta":{"inline_featured_image":false},"product_cat":[159],"product_tag":[],"class_list":{"0":"post-3714","1":"product","2":"type-product","3":"status-publish","4":"has-post-thumbnail","6":"product_cat-sin-categoria","8":"first","9":"instock","10":"shipping-taxable","11":"purchasable","12":"product-type-simple"},"_links":{"self":[{"href":"https:\/\/libelula-media.com.mx\/5600029564\/wp-json\/wp\/v2\/product\/3714","targetHints":{"allow":["GET"]}}],"collection":[{"href":"https:\/\/libelula-media.com.mx\/5600029564\/wp-json\/wp\/v2\/product"}],"about":[{"href":"https:\/\/libelula-media.com.mx\/5600029564\/wp-json\/wp\/v2\/types\/product"}],"replies":[{"embeddable":true,"href":"https:\/\/libelula-media.com.mx\/5600029564\/wp-json\/wp\/v2\/comments?post=3714"}],"wp:featuredmedia":[{"embeddable":true,"href":"https:\/\/libelula-media.com.mx\/5600029564\/wp-json\/wp\/v2\/media\/3937"}],"wp:attachment":[{"href":"https:\/\/libelula-media.com.mx\/5600029564\/wp-json\/wp\/v2\/media?parent=3714"}],"wp:term":[{"taxonomy":"product_cat","embeddable":true,"href":"https:\/\/libelula-media.com.mx\/5600029564\/wp-json\/wp\/v2\/product_cat?post=3714"},{"taxonomy":"product_tag","embeddable":true,"href":"https:\/\/libelula-media.com.mx\/5600029564\/wp-json\/wp\/v2\/product_tag?post=3714"}],"curies":[{"name":"wp","href":"https:\/\/api.w.org\/{rel}","templated":true}]}}